{"id":9,"date":"2023-02-21T13:50:54","date_gmt":"2023-02-21T13:50:54","guid":{"rendered":"https:\/\/ysd.dk\/?page_id=9"},"modified":"2023-04-06T21:30:45","modified_gmt":"2023-04-06T21:30:45","slug":"yachty-service-danmark","status":"publish","type":"page","link":"https:\/\/ysd.dk\/","title":{"rendered":""},"content":{"rendered":"<div class=\"wp-block-image\">\n<figure class=\"alignright size-full is-resized\"><a href=\"https:\/\/ysd.dk\/index.php\/286-2\"><img decoding=\"async\" loading=\"lazy\" src=\"https:\/\/ysd.dk\/wp-content\/uploads\/2023\/04\/united-kingdom-2.png\" alt=\"\" class=\"wp-image-291\" width=\"36\" height=\"36\" srcset=\"https:\/\/ysd.dk\/wp-content\/uploads\/2023\/04\/united-kingdom-2.png 512w, https:\/\/ysd.dk\/wp-content\/uploads\/2023\/04\/united-kingdom-2-300x300.png 300w, https:\/\/ysd.dk\/wp-content\/uploads\/2023\/04\/united-kingdom-2-150x150.png 150w, https:\/\/ysd.dk\/wp-content\/uploads\/2023\/04\/united-kingdom-2-100x100.png 100w, https:\/\/ysd.dk\/wp-content\/uploads\/2023\/04\/united-kingdom-2-50x50.png 50w\" sizes=\"(max-width: 36px) 100vw, 36px\" \/><\/a><\/figure><\/div>\n\n\n<h6 class=\"has-text-color\" style=\"color:#163e5a\">YSD. yder &nbsp;service p\u00e5 lystb\u00e5de.<br>Uddannet b\u00e5debygger, med mere end 30 \u00e5rs erfaring<br>Alle former for b\u00e5debygger &nbsp;arbejde udf\u00f8res<br>Div reparations opgaver<\/h6>\n\n\n\n<ul>\n<li>Glasfiber\/Gelcoat reparationer.<\/li>\n\n\n\n<li>Tr\u00e6 og apterings opgaver.<\/li>\n\n\n\n<li>Rigger arbejde.<\/li>\n\n\n\n<li>Montering af udstyr: bovpropeller, Navigations instrumenter etc.<\/li>\n\n\n\n<li>For\u00e5rs\/vinter klarg\u00f8ring.<\/li>\n\n\n\n<li>Besigtigelse\/survey.<\/li>\n\n\n\n<li>Prototyper\/oneoff.<\/li>\n<\/ul>\n\n\n\n<figure class=\"wp-block-image size-full is-resized\"><img decoding=\"async\" loading=\"lazy\" src=\"http:\/\/ysd.dk\/wp-content\/uploads\/2023\/03\/mads-kryger.jpg\" alt=\"\" class=\"wp-image-228\" width=\"169\" height=\"169\" srcset=\"https:\/\/ysd.dk\/wp-content\/uploads\/2023\/03\/mads-kryger.jpg 800w, https:\/\/ysd.dk\/wp-content\/uploads\/2023\/03\/mads-kryger-300x300.jpg 300w, https:\/\/ysd.dk\/wp-content\/uploads\/2023\/03\/mads-kryger-150x150.jpg 150w, https:\/\/ysd.dk\/wp-content\/uploads\/2023\/03\/mads-kryger-768x768.jpg 768w, https:\/\/ysd.dk\/wp-content\/uploads\/2023\/03\/mads-kryger-640x640.jpg 640w, https:\/\/ysd.dk\/wp-content\/uploads\/2023\/03\/mads-kryger-100x100.jpg 100w, https:\/\/ysd.dk\/wp-content\/uploads\/2023\/03\/mads-kryger-50x50.jpg 50w\" sizes=\"(max-width: 169px) 100vw, 169px\" \/><\/figure>\n\n\n\n<h6>Tlf: +45 20758655       <\/h6>\n\n\n\n<p>8250 eg\u00e5<\/p>\n\n\n\n<p><a href=\"mailto:m@ysd.dk\">m@ysd.dk<\/a><\/p>\n\n\n\n<figure class=\"wp-block-image size-full is-resized\"><img decoding=\"async\" loading=\"lazy\" src=\"http:\/\/ysd.dk\/wp-content\/uploads\/2023\/03\/cropped-yacht-service-danmark-e1617863543273.png\" alt=\"\" class=\"wp-image-157\" width=\"522\" height=\"171\" srcset=\"https:\/\/ysd.dk\/wp-content\/uploads\/2023\/03\/cropped-yacht-service-danmark-e1617863543273.png 400w, https:\/\/ysd.dk\/wp-content\/uploads\/2023\/03\/cropped-yacht-service-danmark-e1617863543273-300x98.png 300w\" sizes=\"(max-width: 522px) 100vw, 522px\" \/><\/figure>\n\n\n\n<p>Siden 1988.<\/p>\n\n\n\n<p><em>Copyright Yacht Service Danmark<\/em>.<\/p>\n","protected":false},"excerpt":{"rendered":"<p>YSD. yder &nbsp;service p\u00e5 lystb\u00e5de.Uddannet b\u00e5debygger, med mere end 30 \u00e5rs erfaringAlle former for b\u00e5debygger &nbsp;arbejde udf\u00f8resDiv reparations opgaver Tlf: +45 20758655 8250 eg\u00e5 m@ysd.dk Siden 1988. Copyright Yacht Service Danmark.<\/p>\n","protected":false},"author":1,"featured_media":0,"parent":0,"menu_order":0,"comment_status":"closed","ping_status":"closed","template":"","meta":[],"_links":{"self":[{"href":"https:\/\/ysd.dk\/index.php\/wp-json\/wp\/v2\/pages\/9"}],"collection":[{"href":"https:\/\/ysd.dk\/index.php\/wp-json\/wp\/v2\/pages"}],"about":[{"href":"https:\/\/ysd.dk\/index.php\/wp-json\/wp\/v2\/types\/page"}],"author":[{"embeddable":true,"href":"https:\/\/ysd.dk\/index.php\/wp-json\/wp\/v2\/users\/1"}],"replies":[{"embeddable":true,"href":"https:\/\/ysd.dk\/index.php\/wp-json\/wp\/v2\/comments?post=9"}],"version-history":[{"count":59,"href":"https:\/\/ysd.dk\/index.php\/wp-json\/wp\/v2\/pages\/9\/revisions"}],"predecessor-version":[{"id":319,"href":"https:\/\/ysd.dk\/index.php\/wp-json\/wp\/v2\/pages\/9\/revisions\/319"}],"wp:attachment":[{"href":"https:\/\/ysd.dk\/index.php\/wp-json\/wp\/v2\/media?parent=9"}],"curies":[{"name":"wp","href":"https:\/\/api.w.org\/{rel}","templated":true}]}}